-1 + 2*237/(-6). Let m = v + n. What are the prime factors of m?
3, 5
Suppose 5*c + 2005 + 1725 = -5*y, 4*y - 4*c + 2984 = 0. Let h = y + 1360. List the prime factors of h.
2, 307
Let t(n) = n**2 + 6*n + 15. Let m be t(-10). Let i be (-10)/m + 2/11. Suppose -117 = -2*x - 2*d + 281, -x + 5*d + 205 = i. List the prime factors of x.
2, 5
Suppose 329 = 4*l - 127. Let y = 118 - l. Suppose -3*x = 0, y*x - 163 - 464 = -3*j. What are the prime factors of j?
11, 19
Suppose 2*y + m + 2076 = 0, -4*y - 5*m + 2052 = -6*y. Let d = -681 - y. List the prime factors of d.
5, 71
Let s be ((-4146)/(-8) - 0)*(-20)/(-15). Let i = -400 + s. List the prime factors of i.
3, 97
Suppose 35*q - 38*q = -42. Suppose -q*k + k = -2483. Suppose -6*p + 385 + k = 0. What are the prime factors of p?
2, 3
Suppose -3*o - 2*a = -130, -235 = -5*o - 4*a - 17. Suppose 0*d = -5*z - 2*d + o, 0 = -z - d + 6. Let l(c) = c**2 - 2*c - 1. List the prime factors of l(z).
79
List the prime factors of 21*46*((-4)/7 + 2274/84).
3, 7, 23, 53
Let z(p) = 61577*p**2 + 1221*p - 1. What are the prime factors of z(-1)?
5, 12071
Let q = -5930 - -15843. List the prime factors of q.
23, 431
Let v(y) = -y**2 - 2*y + 2. Let f be v(0). Suppose -8 = -f*l - 2, 2*l - 42 = -4*b. Suppose 5*c = b*c - 388. List the prime factors of c.
97
Let t = -137 - -92. Let m = -43 - t. Let l(w) = 16*w**2 - 5*w + 3. What are the prime factors of l(m)?
3, 19
Suppose -3*t = 5*q - 30, 2 = 3*t - 4*q - 1. Suppose 7730 = t*i - 5*y, -2*y = 5*i - 12108 + 4399. What are the prime factors of i?
1543
Let z = -315 + 1220. Let g = z - -22. What are the prime factors of g?
3, 103
Suppose 18*p - 9284 - 15070 = 0. List the prime factors of p.
3, 11, 41
What are the prime factors of -2*((-295152)/20 + (-49)/35)?
2, 14759
Let w(r) be the first derivative of 5*r**2/2 - 1. Let g be w(0). Suppose -b - 3*b + 120 = g. List the prime factors of b.
2, 3, 5
Let l = 46 - 43. Suppose 1 - 21 = -5*s, 3*w = l*s - 102. List the prime factors of (78/2)/((w/8)/(-5)).
2, 13
Let k = 24264 - 16600. Suppose 259*p - k = 251*p. List the prime factors of p.
2, 479
Let f(d) = d**3 - 19*d**2 - 22*d + 46. Let q be f(20). Suppose -q*j + 8*j = 134. List the prime factors of j.
67
What are the prime factors of ((245/(-2))/7)/((-77124)/9640 + 8)?
5, 7, 241
Let t = 196 + -190. Suppose -4*q + 333 = -t*z + z, -3*z = q - 62. What are the prime factors of q?
7, 11
What are the prime factors of (467856/95 + -20)/((-4)/(-10))?
2, 6131
Suppose 0 = -3*g - 3*s - s - 187, -118 = 2*g + 4*s. Let n = -59 - -18. Let i = n - g. What are the prime factors of i?
2, 7
Let a(q) = 9507*q**2 + 15*q + 21. What are the prime factors of a(-1)?
3, 7, 151
Suppose -p - 2*y + 112 = -74, 0 = -y - 2. List the prime factors of p.
2, 5, 19
Suppose -3*r = -r - 3*u - 35, -r + u + 15 = 0. Suppose 39*z = 386 + 472. List the prime factors of (-59)/3*1*(r - z).
2, 59
What are the prime factors of 3152/2 + (65 - 65)?
2, 197
Suppose -3*t - 12309 = -4*m, 4*t + 6 = 26. List the prime factors of m.
3, 13, 79
Let j(q) = -q**2 - 15*q - 32. Let s be j(-12). Suppose s*n + 1276 = 4*x, 4*x + 4*n + 0*n = 1316. List the prime factors of x.
2, 3
Let a(x) = -24*x - 44. Let j be a(9). Let c = j - -747. List the prime factors of c.
487
Suppose 4*m = 5*z + 26931, -z = 3*m + z - 20204. List the prime factors of m.
2, 7, 13, 37
Let n(j) = -5*j + 16. Suppose 14 = -4*w + 2*w + 2*q, 0 = -5*w - q - 23. Let o be n(w). Let m = o + 18. What are the prime factors of m?
59
Suppose 3*n + 2*w - 3951 = 0, 4*n - 6189 = 4*w - 941. Suppose -1315 - n = -5*h. What are the prime factors of h?
2, 263
Suppose -y - 4*y + 3598 = -3*t, 4*y - 2*t - 2880 = 0. Let u = y - -694. What are the prime factors of u?
2, 3, 59
Suppose 5*b - 9*n = -13*n + 144157, b - n = 28835. What are the prime factors of b?
3, 7, 1373
Let v = -86 - -94. Let l be -5 + (v - (-3 - -1)). Suppose 0 = l*w + 5*d - 345, -69 = -w - 0*d + 4*d. What are the prime factors of w?
3, 23
Let m = -87 + 92. Suppose m*d - 1192 - 113 = 0. What are the prime factors of d?
3, 29
Let m(r) = -4*r - 17 - 160*r + 48 + 3*r. List the prime factors of m(-3).
2, 257
Let q(o) = o**3 + o**2 + 2*o + 6. Let y be q(3). Let z = y + 54. Suppose 0 = -5*a + 7*a - z. List the prime factors of a.
3, 17
Let d(f) = 4*f - 11. Let l be d(5). Suppose 0 = 4*t + l + 3. List the prime factors of t/4 + 1005/12.
83
Let s(o) = 2*o + 3. Let h be s(0). Suppose -3*x + 5 = -2*i + 4*i, -3*i - 4*x + 7 = 0. Suppose -2*q + h*q = -i, w = -5*q + 63. What are the prime factors of w?
2, 17
Suppose 0 = -y + 36*g - 35*g + 31, -5*y + 175 = -g. Suppose -y*t + 53279 + 16777 = 0. List the prime factors of t.
2, 7, 139
Suppose 5*y = p - 1 - 26, -p + 2*y = -12. Suppose 5*d - 3823 = 3*s, 2*s - 5*s - 1531 = -p*d. List the prime factors of d.
2, 191
Suppose -359 = 5*v - 349, 0 = -3*m - 2*v + 121856. List the prime factors of m.
2, 3, 5, 677
Let s(v) = v**3 - 15*v**2 + 6*v + 10. Let p be s(16). Let g = p - 215. List the prime factors of g.
3, 7
Let i(k) = 2660*k - 110. List the prime factors of i(29).
2, 5, 7703
Suppose 1667 = -3*f - 325. Let h = -323 - f. Let c = h - 205. What are the prime factors of c?
2, 17
Let b(t) = 0*t**2 + 1 + 2*t**2 - t**2 + 2*t. Let c = -849 - -851. List the prime factors of b(c).
3
Let m be 6/(-54) + (-28)/(-9). Suppose -m*h + 89 = -1186. List the prime factors of h.
5, 17
Let v(g) = -5*g**3 - 28*g**2 + 4*g - 20. List the prime factors of v(-12).
2, 5, 227
Suppose 8*d - 24 = 4*d + 4*x, 4*d + 5*x + 12 = 0. Suppose -d*h = -11 - 5. Suppose -h*y + 14 = -y. List the prime factors of y.
2
Let r(l) = 532*l - 424. What are the prime factors of r(16)?
2, 3, 337
Let u(v) = -13*v**2 - v + 4. Let t be u(2). Let z be 12/(-4 + 0) + 6. List the prime factors of (3 - z - t) + -4.
2, 23
Suppose -f - 5 = -2, -5*m = -4*f - 22. Suppose -m*p - 3 + 1 = 0. What are the prime factors of ((-22)/4)/(p*(-2)/(-44))?
11
Suppose 353*z - 1104089 - 5160411 = -526485. What are the prime factors of z?
5, 3251
Let v(f) = 7*f - 96. Let s be v(14). Suppose -s*u = 4*l - 1768, 2*u + 3*l - 5*l - 1756 = 0. What are the prime factors of u?
2, 5, 11
Suppose -2*a + 2082 = -3*g, -3*a + 615 = 4*g - 2508. Let z = 1502 - a. What are the prime factors of z?
461
Let f be ((-5)/(100/24))/(6/(-10)). Suppose 2*x = 5*g - 4990, 19*g - 18*g = -f*x + 986. What are the prime factors of g?
2, 3, 83
Let c(d) = 3*d**2 + 7*d + 3. Suppose -13*g + 11*g = 2. Let i be (g + 4)/((-3)/(-4)). What are the prime factors of c(i)?
79
Suppose -20*t + 25*t = n - 5549, 4*n - 22133 = -t. What are the prime factors of n?
2, 2767
What are the prime factors of (-20)/(-24)*-1 - 134995/(-30)?
11, 409
Let a(o) = -17*o + 74. Let s be a(-22). Suppose 3*b - 342 = 144. Suppose -2*l + s = b. List the prime factors of l.
11, 13
Let g(a) = 288*a**3 - 6*a**2 + 9*a - 1. What are the prime factors of g(2)?
2297
Let n be (2490/(-3))/(-6 - (-40)/7). What are the prime factors of 5 - (-5)/(n/580 + -5)?
3, 5, 13
Let p(n) = 66*n - 661. Let u be p(10). Let f be 18*3*(-40)/(-6). What are the prime factors of u/((-3)/f*2)?
2, 3, 5
Let w be -137 - (4 - 5)*2. List the prime factors of 36/(-2)*9630/w.
2, 3, 107
Let y(j) = -j**3 - 5*j**2 - 2*j - 4. Suppose 4*k + 120 = 2*k + 3*v, v = -k - 60. Let q be (5/(-4))/((-15)/k). What are the prime factors of y(q)?
2, 3
Let c = 4 + -1. Let p = c + 218. What are the prime factors of p?
13, 17
Let c(v) = 259*v**2 - 2*v - 1. Let y be c(-1). List the prime factors of 4/(-26) - (-300)/y - -161.
2, 3
Let g(n) = 38*n**2 + 16*n + 102. What are the prime factors of g(19)?
2, 3, 11, 107
Suppose -2*u = 4*o - 4, -u - 13 = -3*u + 5*o. Suppose 0 = -6*n + 18 + 12. Suppose -u*a + n = -3. What are the prime factors of a?
2
Suppose 15*i - 128 = 67. Suppose -i*p + 803 + 1576 = 0. What are the prime factors of p?
3, 61
Let p(a) = -33*a. Let v(x) = -x**3 - 25*x**2 + 27*x + 29. Let r be v(-26). Let d be (-12)/12 - 4/6*r. What are the prime factors of p(d)?
3, 11
Let s = 2021 - -429. List the prime factors of s.
2, 5, 7
Suppose 43*t - 46*t = -24. List the prime factors of t/(-10)*((2 - -7) + -1679).
2, 167
Suppose -3222 = -4*g - 414. Suppose -7*y + g + 453 = 0. List the prime factors of y.
3, 5, 11
Let q = 81820 + -44422. List the prime factors of q.
2, 3, 23, 271
Let w(l) = 40*l + 52. Let k be w(17). Suppo